{"id":706,"date":"2024-02-09T16:57:06","date_gmt":"2024-02-09T16:57:06","guid":{"rendered":"https:\/\/importex.studioa.com.mx\/?page_id=706"},"modified":"2024-02-21T21:02:55","modified_gmt":"2024-02-21T21:02:55","slug":"industrias-2","status":"publish","type":"page","link":"https:\/\/importex.studioa.com.mx\/?page_id=706","title":{"rendered":"Industrias"},"content":{"rendered":"\t\t<div data-elementor-type=\"wp-post\" data-elementor-id=\"706\" class=\"elementor elementor-706\" data-elementor-post-type=\"page\">\n\t\t\t\t<div class=\"elementor-element elementor-element-47e47b85 e-flex e-con-boxed e-con e-parent\" data-id=\"47e47b85\" data-element_type=\"container\" data-settings=\"{&quot;background_background&quot;:&quot;classic&quot;,&quot;content_width&quot;:&quot;boxed&quot;}\" data-core-v316-plus=\"true\">\n\t\t\t\t\t<div class=\"e-con-inner\">\n\t\t<div class=\"elementor-element elementor-element-166a26ed e-flex e-con-boxed e-con e-child\" data-id=\"166a26ed\" data-element_type=\"container\" data-settings=\"{&quot;content_width&quot;:&quot;boxed&quot;}\">\n\t\t\t\t\t<div class=\"e-con-inner\">\n\t\t\t\t<div class=\"elementor-element elementor-element-50f4a4c1 elementor-widget elementor-widget-heading\" data-id=\"50f4a4c1\" data-element_type=\"widget\" data-widget_type=\"heading.default\">\n\t\t\t\t<div class=\"elementor-widget-container\">\n\t\t\t<style>\/*! elementor - v3.19.0 - 07-02-2024 *\/\n.elementor-heading-title{padding:0;margin:0;line-height:1}.elementor-widget-heading .elementor-heading-title[class*=elementor-size-]>a{color:inherit;font-size:inherit;line-height:inherit}.elementor-widget-heading .elementor-heading-title.elementor-size-small{font-size:15px}.elementor-widget-heading .elementor-heading-title.elementor-size-medium{font-size:19px}.elementor-widget-heading .elementor-heading-title.elementor-size-large{font-size:29px}.elementor-widget-heading .elementor-heading-title.elementor-size-xl{font-size:39px}.elementor-widget-heading .elementor-heading-title.elementor-size-xxl{font-size:59px}<\/style><h1 class=\"elementor-heading-title elementor-size-default\">Industrias<\/h1>\t\t<\/div>\n\t\t\t\t<\/div>\n\t\t\t\t<div class=\"elementor-element elementor-element-79f59ad1 elementor-widget elementor-widget-heading\" data-id=\"79f59ad1\" data-element_type=\"widget\" data-widget_type=\"heading.default\">\n\t\t\t\t<div class=\"elementor-widget-container\">\n\t\t\t<h4 class=\"elementor-heading-title elementor-size-default\">Somos expertos en aduanas, destac\u00e1ndonos como especialistas en diversas industrias, brindando soluciones personalizadas que garantizan un flujo eficiente y cumplimiento normativo en cada sector<\/h4>\t\t<\/div>\n\t\t\t\t<\/div>\n\t\t\t\t\t<\/div>\n\t\t\t\t<\/div>\n\t\t\t\t\t<\/div>\n\t\t\t\t<\/div>\n\t\t<div class=\"elementor-element elementor-element-26728aa e-flex e-con-boxed e-con e-parent\" data-id=\"26728aa\" data-element_type=\"container\" data-settings=\"{&quot;content_width&quot;:&quot;boxed&quot;}\" data-core-v316-plus=\"true\">\n\t\t\t\t\t<div class=\"e-con-inner\">\n\t\t<div class=\"elementor-element elementor-element-4a6d89d7 e-con-full e-flex elementor-invisible e-con e-child\" data-id=\"4a6d89d7\" data-element_type=\"container\" data-settings=\"{&quot;content_width&quot;:&quot;full&quot;,&quot;animation&quot;:&quot;fadeInUp&quot;}\">\n\t\t\t\t<div class=\"elementor-element elementor-element-6c0fb02b elementor-widget elementor-widget-image\" data-id=\"6c0fb02b\" data-element_type=\"widget\" data-widget_type=\"image.default\">\n\t\t\t\t<div class=\"elementor-widget-container\">\n\t\t\t<style>\/*! elementor - v3.19.0 - 07-02-2024 *\/\n.elementor-widget-image{text-align:center}.elementor-widget-image a{display:inline-block}.elementor-widget-image a img[src$=\".svg\"]{width:48px}.elementor-widget-image img{vertical-align:middle;display:inline-block}<\/style>\t\t\t\t\t\t\t\t\t\t<img fetchpriority=\"high\" decoding=\"async\" width=\"2000\" height=\"1333\" src=\"https:\/\/importex.studioa.com.mx\/wp-content\/uploads\/2024\/02\/warehouse-logistics-is-important.jpg\" class=\"attachment-full size-full wp-image-310\" alt=\"Warehouse logistics is important\" srcset=\"https:\/\/importex.studioa.com.mx\/wp-content\/uploads\/2024\/02\/warehouse-logistics-is-important.jpg 2000w, https:\/\/importex.studioa.com.mx\/wp-content\/uploads\/2024\/02\/warehouse-logistics-is-important-300x200.jpg 300w, https:\/\/importex.studioa.com.mx\/wp-content\/uploads\/2024\/02\/warehouse-logistics-is-important-1024x682.jpg 1024w, https:\/\/importex.studioa.com.mx\/wp-content\/uploads\/2024\/02\/warehouse-logistics-is-important-768x512.jpg 768w, https:\/\/importex.studioa.com.mx\/wp-content\/uploads\/2024\/02\/warehouse-logistics-is-important-1536x1024.jpg 1536w\" sizes=\"(max-width: 2000px) 100vw, 2000px\" \/>\t\t\t\t\t\t\t\t\t\t\t\t\t<\/div>\n\t\t\t\t<\/div>\n\t\t\t\t<\/div>\n\t\t<div class=\"elementor-element elementor-element-56b4c21f e-con-full e-flex elementor-invisible e-con e-child\" data-id=\"56b4c21f\" data-element_type=\"container\" data-settings=\"{&quot;content_width&quot;:&quot;full&quot;,&quot;animation&quot;:&quot;fadeIn&quot;}\">\n\t\t\t\t<div class=\"elementor-element elementor-element-78784067 elementor-widget elementor-widget-heading\" data-id=\"78784067\" data-element_type=\"widget\" data-widget_type=\"heading.default\">\n\t\t\t\t<div class=\"elementor-widget-container\">\n\t\t\t<h2 class=\"elementor-heading-title elementor-size-default\">Manufacturera<\/h2>\t\t<\/div>\n\t\t\t\t<\/div>\n\t\t\t\t<div class=\"elementor-element elementor-element-36c86203 elementor-widget elementor-widget-text-editor\" data-id=\"36c86203\" data-element_type=\"widget\" data-widget_type=\"text-editor.default\">\n\t\t\t\t<div class=\"elementor-widget-container\">\n\t\t\t<style>\/*! elementor - v3.19.0 - 07-02-2024 *\/\n.elementor-widget-text-editor.elementor-drop-cap-view-stacked .elementor-drop-cap{background-color:#69727d;color:#fff}.elementor-widget-text-editor.elementor-drop-cap-view-framed .elementor-drop-cap{color:#69727d;border:3px solid;background-color:transparent}.elementor-widget-text-editor:not(.elementor-drop-cap-view-default) .elementor-drop-cap{margin-top:8px}.elementor-widget-text-editor:not(.elementor-drop-cap-view-default) .elementor-drop-cap-letter{width:1em;height:1em}.elementor-widget-text-editor .elementor-drop-cap{float:left;text-align:center;line-height:1;font-size:50px}.elementor-widget-text-editor .elementor-drop-cap-letter{display:inline-block}<\/style>\t\t\t\t<p>Ofrecemos servicios de agencia aduanal especialmente dise\u00f1ados para la industria manufacturera, brindando soluciones adaptadas a las necesidades espec\u00edficas de este sector. Con un profundo conocimiento de los procesos aduaneros y una amplia experiencia en la gesti\u00f3n de importaciones y exportaciones, garantizamos un flujo eficiente y sin problemas de sus productos a trav\u00e9s de las fronteras. Nuestro equipo experto est\u00e1 comprometido a proporcionar un servicio \u00e1gil, confiable y orientado a resultados, ayudando a su empresa a mantenerse competitiva en un mercado globalizado. Conf\u00ede en nosotros para simplificar sus operaciones comerciales y optimizar su cadena de suministro.<\/p>\t\t\t\t\t\t<\/div>\n\t\t\t\t<\/div>\n\t\t<div class=\"elementor-element elementor-element-470f12a4 e-flex e-con-boxed e-con e-child\" data-id=\"470f12a4\" data-element_type=\"container\" data-settings=\"{&quot;content_width&quot;:&quot;boxed&quot;}\">\n\t\t\t\t\t<div class=\"e-con-inner\">\n\t\t\t\t<div class=\"elementor-element elementor-element-58f2ca2a elementor-widget__width-initial elementor-widget elementor-widget-icon-box\" data-id=\"58f2ca2a\" data-element_type=\"widget\" data-widget_type=\"icon-box.default\">\n\t\t\t\t<div class=\"elementor-widget-container\">\n\t\t\t<link rel=\"stylesheet\" href=\"https:\/\/importex.studioa.com.mx\/wp-content\/plugins\/elementor\/assets\/css\/widget-icon-box.min.css\">\t\t<div class=\"elementor-icon-box-wrapper\">\n\t\t\t\t\t\t<div class=\"elementor-icon-box-content\">\n\t\t\t\t<div class=\"elementor-icon-box-title\">\n\t\t\t\t\t<span  >\n\t\t\t\t\t\t6,000+\t\t\t\t\t<\/span>\n\t\t\t\t<\/div>\n\t\t\t\t\t\t\t\t\t<p class=\"elementor-icon-box-description\">\n\t\t\t\t\t\tNum\u00e9rico\t\t\t\t\t<\/p>\n\t\t\t\t\t\t\t<\/div>\n\t\t<\/div>\n\t\t\t\t<\/div>\n\t\t\t\t<\/div>\n\t\t\t\t<div class=\"elementor-element elementor-element-65fd5192 elementor-widget__width-initial elementor-widget elementor-widget-icon-box\" data-id=\"65fd5192\" data-element_type=\"widget\" data-widget_type=\"icon-box.default\">\n\t\t\t\t<div class=\"elementor-widget-container\">\n\t\t\t\t\t<div class=\"elementor-icon-box-wrapper\">\n\t\t\t\t\t\t<div class=\"elementor-icon-box-content\">\n\t\t\t\t<div class=\"elementor-icon-box-title\">\n\t\t\t\t\t<span  >\n\t\t\t\t\t\t800+\t\t\t\t\t<\/span>\n\t\t\t\t<\/div>\n\t\t\t\t\t\t\t\t\t<p class=\"elementor-icon-box-description\">\n\t\t\t\t\t\tClientes atendidos\t\t\t\t\t<\/p>\n\t\t\t\t\t\t\t<\/div>\n\t\t<\/div>\n\t\t\t\t<\/div>\n\t\t\t\t<\/div>\n\t\t\t\t\t<\/div>\n\t\t\t\t<\/div>\n\t\t\t\t<\/div>\n\t\t\t\t\t<\/div>\n\t\t\t\t<\/div>\n\t\t<div class=\"elementor-element elementor-element-6cd020f e-flex e-con-boxed e-con e-parent\" data-id=\"6cd020f\" data-element_type=\"container\" data-settings=\"{&quot;content_width&quot;:&quot;boxed&quot;}\" data-core-v316-plus=\"true\">\n\t\t\t\t\t<div class=\"e-con-inner\">\n\t\t<div class=\"elementor-element elementor-element-1aae266 e-con-full e-flex elementor-invisible e-con e-child\" data-id=\"1aae266\" data-element_type=\"container\" data-settings=\"{&quot;content_width&quot;:&quot;full&quot;,&quot;animation&quot;:&quot;fadeIn&quot;}\">\n\t\t\t\t<div class=\"elementor-element elementor-element-498b4c9 elementor-widget elementor-widget-heading\" data-id=\"498b4c9\" data-element_type=\"widget\" data-widget_type=\"heading.default\">\n\t\t\t\t<div class=\"elementor-widget-container\">\n\t\t\t<h2 class=\"elementor-heading-title elementor-size-default\">Maquinaria y equipo<\/h2>\t\t<\/div>\n\t\t\t\t<\/div>\n\t\t\t\t<div class=\"elementor-element elementor-element-44b7cc2 elementor-widget elementor-widget-text-editor\" data-id=\"44b7cc2\" data-element_type=\"widget\" data-widget_type=\"text-editor.default\">\n\t\t\t\t<div class=\"elementor-widget-container\">\n\t\t\t\t\t\t\t<p>Una de las especialiadades de nuestra agencia aduanal es el sector de maquinaria y equipo, ofreciendo servicios dise\u00f1ados exclusivamente para las necesidades de esta industria. Garantizamos un proceso aduanero eficiente y sin complicaciones para su maquinaria, asegur\u00e1ndonos del cumplimiento normativo, en esta industria.\u00a0<\/p>\t\t\t\t\t\t<\/div>\n\t\t\t\t<\/div>\n\t\t<div class=\"elementor-element elementor-element-5c65b0a e-flex e-con-boxed e-con e-child\" data-id=\"5c65b0a\" data-element_type=\"container\" data-settings=\"{&quot;content_width&quot;:&quot;boxed&quot;}\">\n\t\t\t\t\t<div class=\"e-con-inner\">\n\t\t\t\t<div class=\"elementor-element elementor-element-a7b14d7 elementor-widget__width-initial elementor-widget elementor-widget-icon-box\" data-id=\"a7b14d7\" data-element_type=\"widget\" data-widget_type=\"icon-box.default\">\n\t\t\t\t<div class=\"elementor-widget-container\">\n\t\t\t\t\t<div class=\"elementor-icon-box-wrapper\">\n\t\t\t\t\t\t<div class=\"elementor-icon-box-content\">\n\t\t\t\t<div class=\"elementor-icon-box-title\">\n\t\t\t\t\t<span  >\n\t\t\t\t\t\t6,000+\t\t\t\t\t<\/span>\n\t\t\t\t<\/div>\n\t\t\t\t\t\t\t\t\t<p class=\"elementor-icon-box-description\">\n\t\t\t\t\t\tNum\u00e9rico\t\t\t\t\t<\/p>\n\t\t\t\t\t\t\t<\/div>\n\t\t<\/div>\n\t\t\t\t<\/div>\n\t\t\t\t<\/div>\n\t\t\t\t<div class=\"elementor-element elementor-element-56ffa55 elementor-widget__width-initial elementor-widget elementor-widget-icon-box\" data-id=\"56ffa55\" data-element_type=\"widget\" data-widget_type=\"icon-box.default\">\n\t\t\t\t<div class=\"elementor-widget-container\">\n\t\t\t\t\t<div class=\"elementor-icon-box-wrapper\">\n\t\t\t\t\t\t<div class=\"elementor-icon-box-content\">\n\t\t\t\t<div class=\"elementor-icon-box-title\">\n\t\t\t\t\t<span  >\n\t\t\t\t\t\t800+\t\t\t\t\t<\/span>\n\t\t\t\t<\/div>\n\t\t\t\t\t\t\t\t\t<p class=\"elementor-icon-box-description\">\n\t\t\t\t\t\tClientes atendidos\t\t\t\t\t<\/p>\n\t\t\t\t\t\t\t<\/div>\n\t\t<\/div>\n\t\t\t\t<\/div>\n\t\t\t\t<\/div>\n\t\t\t\t\t<\/div>\n\t\t\t\t<\/div>\n\t\t\t\t<\/div>\n\t\t<div class=\"elementor-element elementor-element-4738d96 e-con-full e-flex elementor-invisible e-con e-child\" data-id=\"4738d96\" data-element_type=\"container\" data-settings=\"{&quot;content_width&quot;:&quot;full&quot;,&quot;animation&quot;:&quot;fadeInUp&quot;}\">\n\t\t\t\t<div class=\"elementor-element elementor-element-233df26 elementor-widget elementor-widget-image\" data-id=\"233df26\" data-element_type=\"widget\" data-widget_type=\"image.default\">\n\t\t\t\t<div class=\"elementor-widget-container\">\n\t\t\t\t\t\t\t\t\t\t\t\t\t<img decoding=\"async\" width=\"2000\" height=\"1309\" src=\"https:\/\/importex.studioa.com.mx\/wp-content\/uploads\/2024\/02\/aerial-view-of-agricultural-tractor-in-the-field.jpg\" class=\"attachment-full size-full wp-image-727\" alt=\"Aerial view of agricultural tractor in the field\" srcset=\"https:\/\/importex.studioa.com.mx\/wp-content\/uploads\/2024\/02\/aerial-view-of-agricultural-tractor-in-the-field.jpg 2000w, https:\/\/importex.studioa.com.mx\/wp-content\/uploads\/2024\/02\/aerial-view-of-agricultural-tractor-in-the-field-300x196.jpg 300w, https:\/\/importex.studioa.com.mx\/wp-content\/uploads\/2024\/02\/aerial-view-of-agricultural-tractor-in-the-field-1024x670.jpg 1024w, https:\/\/importex.studioa.com.mx\/wp-content\/uploads\/2024\/02\/aerial-view-of-agricultural-tractor-in-the-field-768x503.jpg 768w, https:\/\/importex.studioa.com.mx\/wp-content\/uploads\/2024\/02\/aerial-view-of-agricultural-tractor-in-the-field-1536x1005.jpg 1536w\" sizes=\"(max-width: 2000px) 100vw, 2000px\" \/>\t\t\t\t\t\t\t\t\t\t\t\t\t<\/div>\n\t\t\t\t<\/div>\n\t\t\t\t<\/div>\n\t\t\t\t\t<\/div>\n\t\t\t\t<\/div>\n\t\t<div class=\"elementor-element elementor-element-4a4a556 e-flex e-con-boxed e-con e-parent\" data-id=\"4a4a556\" data-element_type=\"container\" data-settings=\"{&quot;content_width&quot;:&quot;boxed&quot;}\" data-core-v316-plus=\"true\">\n\t\t\t\t\t<div class=\"e-con-inner\">\n\t\t<div class=\"elementor-element elementor-element-6f6485b e-con-full e-flex elementor-invisible e-con e-child\" data-id=\"6f6485b\" data-element_type=\"container\" data-settings=\"{&quot;content_width&quot;:&quot;full&quot;,&quot;animation&quot;:&quot;fadeInUp&quot;}\">\n\t\t\t\t<div class=\"elementor-element elementor-element-266cce0 elementor-widget elementor-widget-image\" data-id=\"266cce0\" data-element_type=\"widget\" data-widget_type=\"image.default\">\n\t\t\t\t<div class=\"elementor-widget-container\">\n\t\t\t\t\t\t\t\t\t\t\t\t\t<img decoding=\"async\" width=\"2000\" height=\"1333\" src=\"https:\/\/importex.studioa.com.mx\/wp-content\/uploads\/2024\/02\/basket-with-groceries-in-the-supermarket.jpg\" class=\"attachment-full size-full wp-image-730\" alt=\"Basket with groceries in the supermarket\" srcset=\"https:\/\/importex.studioa.com.mx\/wp-content\/uploads\/2024\/02\/basket-with-groceries-in-the-supermarket.jpg 2000w, https:\/\/importex.studioa.com.mx\/wp-content\/uploads\/2024\/02\/basket-with-groceries-in-the-supermarket-300x200.jpg 300w, https:\/\/importex.studioa.com.mx\/wp-content\/uploads\/2024\/02\/basket-with-groceries-in-the-supermarket-1024x682.jpg 1024w, https:\/\/importex.studioa.com.mx\/wp-content\/uploads\/2024\/02\/basket-with-groceries-in-the-supermarket-768x512.jpg 768w, https:\/\/importex.studioa.com.mx\/wp-content\/uploads\/2024\/02\/basket-with-groceries-in-the-supermarket-1536x1024.jpg 1536w\" sizes=\"(max-width: 2000px) 100vw, 2000px\" \/>\t\t\t\t\t\t\t\t\t\t\t\t\t<\/div>\n\t\t\t\t<\/div>\n\t\t\t\t<\/div>\n\t\t<div class=\"elementor-element elementor-element-1fe44ea e-con-full e-flex elementor-invisible e-con e-child\" data-id=\"1fe44ea\" data-element_type=\"container\" data-settings=\"{&quot;content_width&quot;:&quot;full&quot;,&quot;animation&quot;:&quot;fadeIn&quot;}\">\n\t\t\t\t<div class=\"elementor-element elementor-element-1908224 elementor-widget elementor-widget-heading\" data-id=\"1908224\" data-element_type=\"widget\" data-widget_type=\"heading.default\">\n\t\t\t\t<div class=\"elementor-widget-container\">\n\t\t\t<h2 class=\"elementor-heading-title elementor-size-default\">Autoservicio<\/h2>\t\t<\/div>\n\t\t\t\t<\/div>\n\t\t\t\t<div class=\"elementor-element elementor-element-a19ed34 elementor-widget elementor-widget-text-editor\" data-id=\"a19ed34\" data-element_type=\"widget\" data-widget_type=\"text-editor.default\">\n\t\t\t\t<div class=\"elementor-widget-container\">\n\t\t\t\t\t\t\t<p>Un enfoque especializado en la importaci\u00f3n y exportaci\u00f3n de productos alimenticios y de consumo, garantizando un proceso aduanero fluido y eficiente para sus productos. Nuestro equipo experto comprende las regulaciones y requisitos \u00fanicos de la industria abarrotera, asegurando el cumplimiento normativo y la entrega oportuna de sus productos a los mercados internacionales.<\/p>\t\t\t\t\t\t<\/div>\n\t\t\t\t<\/div>\n\t\t<div class=\"elementor-element elementor-element-dd636ec e-flex e-con-boxed e-con e-child\" data-id=\"dd636ec\" data-element_type=\"container\" data-settings=\"{&quot;content_width&quot;:&quot;boxed&quot;}\">\n\t\t\t\t\t<div class=\"e-con-inner\">\n\t\t\t\t<div class=\"elementor-element elementor-element-5e4b224 elementor-widget__width-initial elementor-widget elementor-widget-icon-box\" data-id=\"5e4b224\" data-element_type=\"widget\" data-widget_type=\"icon-box.default\">\n\t\t\t\t<div class=\"elementor-widget-container\">\n\t\t\t\t\t<div class=\"elementor-icon-box-wrapper\">\n\t\t\t\t\t\t<div class=\"elementor-icon-box-content\">\n\t\t\t\t<div class=\"elementor-icon-box-title\">\n\t\t\t\t\t<span  >\n\t\t\t\t\t\t6,000+\t\t\t\t\t<\/span>\n\t\t\t\t<\/div>\n\t\t\t\t\t\t\t\t\t<p class=\"elementor-icon-box-description\">\n\t\t\t\t\t\tNum\u00e9rico\t\t\t\t\t<\/p>\n\t\t\t\t\t\t\t<\/div>\n\t\t<\/div>\n\t\t\t\t<\/div>\n\t\t\t\t<\/div>\n\t\t\t\t<div class=\"elementor-element elementor-element-94c4c82 elementor-widget__width-initial elementor-widget elementor-widget-icon-box\" data-id=\"94c4c82\" data-element_type=\"widget\" data-widget_type=\"icon-box.default\">\n\t\t\t\t<div class=\"elementor-widget-container\">\n\t\t\t\t\t<div class=\"elementor-icon-box-wrapper\">\n\t\t\t\t\t\t<div class=\"elementor-icon-box-content\">\n\t\t\t\t<div class=\"elementor-icon-box-title\">\n\t\t\t\t\t<span  >\n\t\t\t\t\t\t800+\t\t\t\t\t<\/span>\n\t\t\t\t<\/div>\n\t\t\t\t\t\t\t\t\t<p class=\"elementor-icon-box-description\">\n\t\t\t\t\t\tClientes atendidos\t\t\t\t\t<\/p>\n\t\t\t\t\t\t\t<\/div>\n\t\t<\/div>\n\t\t\t\t<\/div>\n\t\t\t\t<\/div>\n\t\t\t\t\t<\/div>\n\t\t\t\t<\/div>\n\t\t\t\t<\/div>\n\t\t\t\t\t<\/div>\n\t\t\t\t<\/div>\n\t\t<div class=\"elementor-element elementor-element-96b2c6b e-flex e-con-boxed e-con e-parent\" data-id=\"96b2c6b\" data-element_type=\"container\" data-settings=\"{&quot;background_background&quot;:&quot;classic&quot;,&quot;content_width&quot;:&quot;boxed&quot;}\" data-core-v316-plus=\"true\">\n\t\t\t\t\t<div class=\"e-con-inner\">\n\t\t<div class=\"elementor-element elementor-element-07558d9 e-flex e-con-boxed elementor-invisible e-con e-child\" data-id=\"07558d9\" data-element_type=\"container\" data-settings=\"{&quot;animation&quot;:&quot;fadeIn&quot;,&quot;content_width&quot;:&quot;boxed&quot;}\">\n\t\t\t\t\t<div class=\"e-con-inner\">\n\t\t\t\t<div class=\"elementor-element elementor-element-714a31c elementor-widget elementor-widget-heading\" data-id=\"714a31c\" data-element_type=\"widget\" data-widget_type=\"heading.default\">\n\t\t\t\t<div class=\"elementor-widget-container\">\n\t\t\t<h6 class=\"elementor-heading-title elementor-size-default\">EXPERIENCIA PROBADA<\/h6>\t\t<\/div>\n\t\t\t\t<\/div>\n\t\t\t\t<div class=\"elementor-element elementor-element-cfb5337 elementor-widget elementor-widget-heading\" data-id=\"cfb5337\" data-element_type=\"widget\" data-widget_type=\"heading.default\">\n\t\t\t\t<div class=\"elementor-widget-container\">\n\t\t\t<h4 class=\"elementor-heading-title elementor-size-default\">Puntos de inspecci\u00f3n, red de convenios, validadores, asesor\u00edas Fiscal-Aduanera, son algunas de nuestras ventajas competitivas que nos respaldan<\/h4>\t\t<\/div>\n\t\t\t\t<\/div>\n\t\t\t\t\t<\/div>\n\t\t\t\t<\/div>\n\t\t\t\t\t<\/div>\n\t\t\t\t<\/div>\n\t\t\t\t<\/div>\n\t\t","protected":false},"excerpt":{"rendered":"<p>Somos expertos en aduanas, destac\u00e1ndonos como especialistas en diversas industrias, brindando soluciones personalizadas que garantizan un flujo eficiente y cumplimiento normativo en cada sector Manufacturera Ofrecemos servicios de agencia aduanal especialmente dise\u00f1ados para la industria manufacturera, brindando soluciones adaptadas a las necesidades espec\u00edficas de este sector. Con un profundo conocimiento de los procesos aduaneros y [&hellip;]<\/p>\n","protected":false},"author":2,"featured_media":0,"parent":0,"menu_order":0,"comment_status":"closed","ping_status":"closed","template":"elementor_header_footer","meta":{"footnotes":""},"class_list":["post-706","page","type-page","status-publish","hentry"],"_links":{"self":[{"href":"https:\/\/importex.studioa.com.mx\/index.php?rest_route=\/wp\/v2\/pages\/706","targetHints":{"allow":["GET"]}}],"collection":[{"href":"https:\/\/importex.studioa.com.mx\/index.php?rest_route=\/wp\/v2\/pages"}],"about":[{"href":"https:\/\/importex.studioa.com.mx\/index.php?rest_route=\/wp\/v2\/types\/page"}],"author":[{"embeddable":true,"href":"https:\/\/importex.studioa.com.mx\/index.php?rest_route=\/wp\/v2\/users\/2"}],"replies":[{"embeddable":true,"href":"https:\/\/importex.studioa.com.mx\/index.php?rest_route=%2Fwp%2Fv2%2Fcomments&post=706"}],"version-history":[{"count":61,"href":"https:\/\/importex.studioa.com.mx\/index.php?rest_route=\/wp\/v2\/pages\/706\/revisions"}],"predecessor-version":[{"id":1339,"href":"https:\/\/importex.studioa.com.mx\/index.php?rest_route=\/wp\/v2\/pages\/706\/revisions\/1339"}],"wp:attachment":[{"href":"https:\/\/importex.studioa.com.mx\/index.php?rest_route=%2Fwp%2Fv2%2Fmedia&parent=706"}],"curies":[{"name":"wp","href":"https:\/\/api.w.org\/{rel}","templated":true}]}}